?
3
Let v = 316 - 213. Suppose -v*r + 105*r - 406 = 0. What is the hundreds digit of r?
2
Let a be 288/14 + 28/(-49). Let r = a + -12. Let i = r + 35. What is the units digit of i?
3
Suppose h + 0*w = -4*w - 8, 0 = -2*h + w + 2. Suppose h = u - 4*x + 3*x + 45, 5*u - 4*x = -223. Let j = 87 + u. What is the tens digit of j?
4
Let y be 6*((-20)/(-12) - 1). Suppose -t - 1 - y = 0. Let u(d) = -11*d + 10. What is the tens digit of u(t)?
6
Let q be 68/3 - 9/(-27). Suppose 10*f - 6*f = -44. Let m = q + f. What is the tens digit of m?
1
Suppose -6 = 18*q - 42. What is the hundreds digit of (-16968)/(-105) - q/(-5)?
1
Let t(v) = 2*v**3 + 6*v**2 - 7*v + 4. Let i be t(-4). Suppose 3*n - 3*k - 1506 = i, -2*n + 6*k = 8*k - 988. What is the units digit of n?
8
Suppose -6074 = -z + 4024. Suppose -27*x = 6*x - z. What is the tens digit of x?
0
Suppose -7*v - 90 = -37*v. Suppose f = 5*i + 1028, -4422 + 1281 = -v*f - 4*i. What is the hundreds digit of f?
0
Suppose 10708 = 3*d - 4*x, -3*d = d + 3*x - 14294. What is the tens digit of d?
7
Suppose 594 = -4*w + 4946. Suppose -k = 3, -q = -0*k - 2*k - w. What is the units digit of q?
2
Suppose -2420 = -4*u + 4*d, 2*u - 5*u - 4*d + 1801 = 0. What is the hundreds digit of u?
6
Let f(t) = -24*t - 416 + 373 + 76*t. What is the hundreds digit of f(6)?
2
Let c = -101 + 105. Suppose -r + 16 = 5*f, -9 = -c*f + r + 2. Suppose 5*s + 5*h - 1215 = 0, -f*h - 158 = -s + 89. What is the tens digit of s?
4
Suppose -4*m + 21 = 9. Let h(g) = -g**2 + 7*g - 20. Let u(f) = -f**2 + 8*f - 22. Let j(b) = -6*h(b) + 5*u(b). What is the tens digit of j(m)?
1
Suppose 57*o = -14*o + 486167 + 962943. What is the tens digit of o?
1
Let m(t) = 7*t + 9. Let y be m(-3). Let g be (-44)/y - (-5)/(-3). Suppose r = g*r - 239. What is the tens digit of r?
3
Let j = -235 - -413. Suppose 4*z + 2*l = -j, -2*z + z = -l + 43. What is the tens digit of ((-72)/14)/(z/1386)?
6
Suppose 8*f + 7955944 = 128*f + 149*f. What is the hundreds digit of f?
5
Let m = 133564 + -81755. What is the units digit of m?
9
Suppose p - l + 34 = -3*l, 86 = -2*p + 5*l. What is the tens digit of (-2 + -1)*-59*(41 + p)?
3
Let f(k) = -k**3 - 34*k**2 - 31*k + 68. Let d be f(-33). Suppose -d*j = -3*j - 3*x + 416, 2054 = 5*j + 2*x. What is the hundreds digit of j?
4
Suppose 3*y = -4*a + 70587, -19*y + 14*y = 2*a - 117659. What is the hundreds digit of y?
5
Suppose 22*k + 28*k - 84200 = 0. What is the hundreds digit of k?
6
Let n(d) = -d - 1. Let v(k) = -4*k**2 - 7*k - 43. Let f(o) = -2*n(o) - v(o). What is the units digit of f(13)?
8
Let i = -112 + 198. Suppose -3144 = -11*o - i. What is the tens digit of o?
7
Let n be 8/4 + (-2 - -2) + 3. Suppose -3*d = -n*p - 561, -d + 771 = 3*d + p. What is the tens digit of d/14 - (-12)/42?
1
Let x = 10 + -10. Suppose x = -2*g - 10, 3*g = 3*o - 0*o - 9. What is the units digit of (-189)/(-54) + o/4?
3
Let n(g) = 23*g. Let h(f) = f**2 + f. Let i be h(1). Let a be n(i). Let c = a - 11. What is the units digit of c?
5
Let s(y) = y - 4. Let z be s(4). Suppose -4*t + 16 = z, -13*t + 16*t - 2194 = -2*g. What is the tens digit of g?
9
Let y be (32/48)/((-1)/(-9)). Suppose y*r + 9*r - 1155 = 0. What is the tens digit of r?
7
Suppose 58 = 4*q + 2*l, -l - l = 5*q - 70. Let w be (-42)/q*(4*-3 - -2). Suppose -w*g + 28 = -31*g. What is the units digit of g?
7
What is the hundreds digit of (2/3)/((-125)/(-6885750))?
7
Suppose -3 = -u, 69*t = 67*t - 2*u + 18. Let f = 3 - 1. Suppose t*x - 304 = f*x. What is the units digit of x?
6
Let d(v) = 2*v**2 + 6*v - 2. Let t be d(-4). Let q(w) = 47*w - 4. Let u be q(t). Suppose -b - u = -4*f - 0*b, -5*b - 10 = 0. What is the tens digit of f?
6
Suppose 6*z + 760 - 1051 - 1125 = 0. What is the tens digit of z?
3
Suppose 38*v - 56906 = 16*v + 1184488. What is the tens digit of v?
2
Let u(q) = q**3 + 2*q + 4. Let p(m) be the first derivative of -m**3/3 - 9*m**2/2 - 18*m + 12. Let i be p(-6). What is the units digit of u(i)?
4
Let t be (-4)/26 - (-900)/(-234). Let r(l) = 2*l**2 + 18*l + 95. What is the tens digit of r(t)?
5
Let u(k) be the third derivative of -k**5/60 + 29*k**4/24 - 2*k**3/3 - 31*k**2. What is the units digit of u(13)?
4
Let a = 5293 + -3675. Let y = -404 + a. What is the hundreds digit of y?
2
Let i(p) = p**3 - 17*p**2 - 4. Let y be i(17). Let t(s) = -5*s**3 - s**2 - 10*s - 28. What is the tens digit of t(y)?
1
Suppose 0 = -5*c + 3*c - 2*s - 94, 2*c = -3*s - 99. Let q = -40 - c. Suppose -q*h = 8 - 2, -2*g = h - 115. What is the tens digit of g?
5
Let d(o) = -3*o**3 - 2*o**2 + 2*o - 2. Let a be d(-3). Suppose 20*k = 19*k - a. Let w = -50 - k. What is the units digit of w?
5
Let x(g) = 12 + 418*g - 16 + 99*g. Let p be x(1). Suppose -4*w - 5*k = -711, -2*w - 3*k - p = -5*w. What is the units digit of w?
4
Let g = 21431 + -13222. What is the tens digit of g?
0
Let s = 488 + -114. Suppose -3*k + 8*k - 680 = -3*p, 3*k - 5*p = s. What is the hundreds digit of k?
1
Suppose 0 = 5*h - 5*z + 9*z - 21, 5*z = -5*h + 20. Suppose -h*p - 181 = -2336. What is the tens digit of p?
3
Suppose 2*s + 15 = 5*s. Suppose p + p = -f + 3, s*f - 3 = -4*p. Suppose p*i - 206 = -2*t - 20, -3*i = -5*t + 441. What is the tens digit of t?
9
Suppose -2*o - 84 = -4*f, 5*f - 3*o + 84 = 9*f. Suppose -5 = 4*x - f. Suppose 35 = x*p - 9. What is the tens digit of p?
1
Let d be 32/6*18/6. Suppose 3*s + s - d = 0. Suppose -4*n - s*a + 476 = 0, a - 282 = 5*n - 907. What is the hundreds digit of n?
1
Suppose 2*u + 0 + 0 = 0. Suppose 2*m + k - 391 = -u*m, 0 = -5*k + 15. Suppose -m = -4*b + 206. What is the units digit of b?
0
Suppose -5*m + 12*p + 5120 = 7*p, -p = 3*m - 3056. Let l = m + -632. What is the hundreds digit of l?
3
Suppose 10534 = 16*j - 3812 - 1446. What is the units digit of j?
7
Suppose -o = -64*o + 261702. What is the thousands digit of o?
4
Suppose 9*x = 11*x - 4460. Let u be (x/8)/((-3)/(-24) - 0). Suppose 0 = 6*v - 16*v + u. What is the units digit of v?
3
Let q = 58 + -30. Let o = q + -12. Suppose o*l - 13*l - 423 = 0. What is the tens digit of l?
4
Suppose 15*b - 10 = 11*b + 3*m, -b = 2*m - 19. Suppose 4*q + 1834 = 5*x, 5*q = -x - 0*q + 361. Suppose b*v - x = 5*v. What is the hundreds digit of v?
1
Let o(u) = 4 + 9*u + u**2 - 23*u + 5 + 9*u. Let l be o(4). Suppose -212 = -l*h + 133. What is the units digit of h?
9
Let j = -33174 - -82280. What is the thousands digit of j?
9
Let t = 30275 - 26945. What is the hundreds digit of t?
3
Let c(f) be the third derivative of f**4/24 - f**3/6 - 10*f**2. Let l be c(3). Suppose -1 = -l*k + 3. What is the units digit of k?
2
What is the tens digit of (24/(-5))/((490224/11670)/(-7) - -6)?
6
Suppose -5*i = -3*t + 2 - 23, -4*i = 3*t - 33. Let o(z) = -z**3 + 10*z**2 - 15*z + 10. Let x be o(i). Let g = x + -56. What is the units digit of g?
8
Let y = 6762 + -116. What is the units digit of y?
6
Let u be -3 + -1 + (632 - -5). Let l = 928 - u. What is the tens digit of l?
9
Let j = 53 + -51. Suppose -o - w + 4 = 0, j*o + 0*w - 4*w + 16 = 0. Suppose o = 9*z + 37 - 235. What is the tens digit of z?
2
Suppose 0 = 7*o + 7342 + 10522. Let z = 4001 + o. What is the hundreds digit of z?
4
Let g = 371 - 155. What is the tens digit of (g/(-32))/(6/(-40))?
4
Suppose 5*y = -3*l + 35, 4*y - 11 = 4*l - 3*l. Suppose -3*u + 1290 = -5*j, -2*u - 5*j = -y*u + 860. What is the tens digit of u?
3
Suppose 0 = -4*f - 3*t + 12, f + 4*t - 2*t = 8. Suppose -3 + 5 = 2*r. What is the hundreds digit of ((f + r)*1)/(14/1946)?
1
Let l be (44/(-110) - (-3)/(-5))*0. Suppose 0 = -11*j + 7*j + 2*h + 580, -4*j + h + 578 = l. What is the tens digit of j?
4
Let i(c) = -16*c + 1. Let y be i(-3). Suppose 278*t = 271*t + 819. Let f = t - y. What is the units digit of f?
8
Let j(b) = -8*b**3 + 6*b**2 - 154*b + 30. What is the hundreds digit of j(-14)?
3
Let d = 447 - 683. Suppose -18*p + 3*p = 14*p + 4350. Let t = p - d. What is the units digit of t?
6
Let f(t) = 542*t**2 + 40*t - 9. What is the tens digit of f(3)?
8
Suppose z = y - 2*z + 9, 0 = -3*y - z + 13. Suppose -6*n + y = -27. Suppose 57 + 238 = n*r. What is the units digit of r?
9
Let c(o) = -1006*o + 1007*o + 43 - 2*o**2 + 190. Let n = -3 + 3. What is the units digit of c(n)?
3
Suppose 253929 = 33*n - 30*n - 4*o, -4*o = -5*n + 423207. What is the hundreds digit of n?
6
Let t(d) = 15*d